8686 is divided by 43?
5
Calculate the remainder when 1420 is divided by 22.
12
What is the remainder when 5713 is divided by 159?
148
Calculate the remainder when 400 is divided by 135.
130
Calculate the remainder when 76982 is divided by 15386.
52
Calculate the remainder when 335594 is divided by 400.
394
What is the remainder when 536447 is divided by 1127?
1122
What is the remainder when 32290 is divided by 428?
190
Calculate the remainder when 13337 is divided by 54.
53
Calculate the remainder when 6775 is divided by 1758.
1501
What is the remainder when 2980 is divided by 313?
163
What is the remainder when 277179 is divided by 20?
19
Calculate the remainder when 33798 is divided by 52.
50
What is the remainder when 24583 is divided by 60?
43
Calculate the remainder when 54064 is divided by 151.
6
Calculate the remainder when 123208 is divided by 185.
183
Calculate the remainder when 852427 is divided by 19.
11
What is the remainder when 10107 is divided by 99?
9
Calculate the remainder when 14778 is divided by 81.
36
Calculate the remainder when 22929 is divided by 23.
21
What is the remainder when 22808 is divided by 101?
83
Calculate the remainder when 1561 is divided by 22.
21
What is the remainder when 7196 is divided by 29?
4
What is the remainder when 92532 is divided by 64?
52
What is the remainder when 15131 is divided by 189?
11
Calculate the remainder when 961 is divided by 300.
61
Calculate the remainder when 3166 is divided by 2459.
707
What is the remainder when 76071 is divided by 19015?
11
What is the remainder when 268893 is divided by 15817?
4
Calculate the remainder when 68310 is divided by 13652.
50
What is the remainder when 597044 is divided by 4701?
17
Calculate the remainder when 32807 is divided by 12.
11
Calculate the remainder when 329 is divided by 38.
25
Calculate the remainder when 22132 is divided by 11046.
40
What is the remainder when 15085 is divided by 154?
147
What is the remainder when 817371 is divided by 30272?
27
Calculate the remainder when 99048 is divided by 49521.
6
Calculate the remainder when 40866 is divided by 10.
6
What is the remainder when 354566 is divided by 83?
73
Calculate the remainder when 401824 is divided by 226.
222
Calculate the remainder when 17660 is divided by 329.
223
Calculate the remainder when 15911 is divided by 3120.
311
Calculate the remainder when 3718 is divided by 919.
42
What is the remainder when 7629 is divided by 2538?
15
Calculate the remainder when 3616 is divided by 2714.
902
What is the remainder when 3605 is divided by 1193?
26
What is the remainder when 15697 is divided by 254?
203
Calculate the remainder when 20237 is divided by 49.
0
What is the remainder when 282 is divided by 202?
80
What is the remainder when 1214 is divided by 452?
310
Calculate the remainder when 104694 is divided by 39.
18
What is the remainder when 134992 is divided by 2?
0
What is the remainder when 500607 is divided by 15?
12
What is the remainder when 8264 is divided by 318?
314
Calculate the remainder when 31759 is divided by 54.
7
What is the remainder when 130437 is divided by 20?
17
Calculate the remainder when 141957 is divided by 35482.
29
What is the remainder when 799179 is divided by 711?
15
What is the remainder when 5806 is divided by 1450?
6
Calculate the remainder when 39989 is divided by 358.
251
Calculate the remainder when 301623 is divided by 14.
7
What is the remainder when 27952 is divided by 18?
16
Calculate the remainder when 7169 is divided by 229.
70
Calculate the remainder when 679411 is divided by 39965.
6
Calculate the remainder when 11063 is divided by 56.
31
What is the remainder when 152117 is divided by 25351?
11
Calculate the remainder when 720 is divided by 104.
96
What is the remainder when 277229 is divided by 6?
5
Calculate the remainder when 2098510 is divided by 354.
352
Calculate the remainder when 7638 is divided by 75.
63
Calculate the remainder when 1278 is divided by 150.
78
Calculate the remainder when 127389 is divided by 2769.
15
Calculate the remainder when 2984 is divided by 1416.
152
Calculate the remainder when 10896 is divided by 173.
170
What is the remainder when 3692 is divided by 1959?
1733
Calculate the remainder when 648451 is divided by 1118.
11
What is the remainder when 1758 is divided by 272?
126
Calculate the remainder when 4429 is divided by 1448.
85
Calculate the remainder when 7564 is divided by 172.
168
What is the remainder when 13880 is divided by 153?
110
Calculate the remainder when 1746 is divided by 433.
14
Calculate the remainder when 120022 is divided by 498.
4
What is the remainder when 336090 is divided by 1163?
1146
What is the remainder when 1280 is divided by 167?
111
What is the remainder when 11030 is divided by 3675?
5
Calculate the remainder when 94717 is divided by 47351.
15
Calculate the remainder when 6704 is divided by 61.
55
What is the remainder when 324258 is divided by 523?
521
What is the remainder when 714451 is divided by 13?
10
What is the remainder when 110321 is divided by 81?
80
What is the remainder when 3617 is divided by 140?
117
Calculate the remainder when 1280718 is divided by 112.
110
Calculate the remainder when 34121 is divided by 178.
123
Calculate the remainder when 530906 is divided by 2082.
2078
What is the remainder when 54369 is divided by 6031?
90
Calculate the remainder when 1711 is divided by 294.
241
Calculate the remainder when 11680 is divided by 49.
18
What is the remainder when 44944 is divided by 34?
30
Calculate the remainder when 11535 is divided by 360.
15
Calculate the remainder when 15505 is divided by 94.
89
Calculate the remainder when 62030 is divided by 31013.
4
What is the remainder when 1398 is divided by 32?
22
What is the remainder when 16478 is divided by 82?
78
What is the remainder when 5313 is divided by 1413?
1074
Calculate the remainder when 1351913 is divided by 2580.
2573
Calculate the remainder when 85394 is divided by 23.
18
What is the remainder when 1562 is divided by 774?
14
What is the remainder when 16461 is divided by 33?
27
What is the remainder when 4730 is divided by 249?
248
Calculate the remainder when 378836 is divided by 615.
611
What is the remainder when 53023 is divided by 75?
73
Calculate the remainder when 9399 is divided by 8851.
548
What is the remainder when 53259 is divided by 3550?
9
What is the remainder when 7655 is divided by 3807?
41
What is the remainder when 143626 is divided by 241?
231
What is the remainder when 35677 is divided by 80?
77
What is the remainder when 425107 is divided by 44?
23
What is the remainder when 7743927 is divided by 1682?
1681
Calculate the remainder when 12022 is divided by 156.
10
Calculate the remainder when 62906 is divided by 11.
8
Calculate the remainder when 29449 is divided by 1962.
19
What is the remainder when 31666 is divided by 12?
10
Calculate the remainder when 3910 is divided by 139.
18
What is the remainder when 17238 is divided by 954?
66
What is the remainder when 4872 is divided by 30?
12
What is the remainder when 160913 is divided by 39?
38
Calculate the remainder when 26926 is divided by 490.
466
What is the remainder when 97383 is divided by 1025?
8
Calculate the remainder when 6487 is divided by 82.
9
What is the remainder when 20477 is divided by 545?
312
What is the remainder when 738229 is divided by 36911?
9
What is the remainder when 33407 is divided by 36?
35
Calculate the remainder when 8098 is divided by 133.
118
Calculate the remainder when 1388528 is divided by 22.
20
What is the remainder when 80152 is divided by 361?
10
Calculate the remainder when 554 is divided by 143.
125
Calculate the remainder when 21001 is divided by 1235.
6
What is the remainder when 3330 is divided by 33?
30
What is the remainder when 214 is divided by 53?
2
Calculate the remainder when 1441 is divided by 8.
1
What is the remainder when 681743 is divided by 21?
20
What is the remainder when 545 is divided by 282?
263
Calculate the remainder when 32366 is divided by 10776.
38
Calculate the remainder when 11319 is divided by 863.
100
What is the remainder when 82012 is divided by 22?
18
Calculate the remainder when 1834 is divided by 80.
74
What is the remainder when 